/w)?
False
Let h(r) = 32 - 2*r + 7*r - 27. Suppose j + w = 11, -3*j + 2*w = -8 - 20. Is h(j) a multiple of 11?
True
Let u(m) = m**3 + 6*m**2 + 3*m. Let g be u(-2). Is (g/(-25))/((-2)/70) a multiple of 7?
True
Suppose -375 = -5*s + b, -b + 5 = -2*b. Does 3 divide s?
False
Suppose -a - 3 = -t, 11 = 5*t - a - 12. Suppose 5*c + 6 = -k + 63, k - t*c = 17. Suppose k = 3*r + 13. Does 8 divide r?
True
Let x(y) = y**3 - 18*y**2 + 3*y + 5. Let p = 16 + -14. Suppose -p*b = 2*b - 72. Is 14 a factor of x(b)?
False
Suppose 79*y + 9 = 82*y. Let t = 0 - 0. Suppose t = -0*c - y*c + 90. Is 6 a factor of c?
True
Suppose 84605 + 167801 = 149*b. Is b a multiple of 7?
True
Suppose 11*v - 34238 = -8*v. Is 10 a factor of v?
False
Is 16 a factor of 5*(-45)/150 + 2115/2?
True
Suppose -108*x + 113*x = 90. Does 6 divide x?
True
Let u be (-24)/(-30)*(-30)/4. Let z be (u/(-5))/((-4)/(-10)). Suppose 0*y + 62 = 4*y + z*i, 4*y - 46 = 5*i. Is y a multiple of 14?
True
Suppose -6*z - 83 + 17 = 0. Does 39 divide 132/(-1 - -4)*z/(-2)?
False
Let x = -1181 + 1483. Does 6 divide x?
False
Let d = -22 + 22. Let a be (d + 1)*0/(-2). Let v = 36 - a. Is 9 a factor of v?
True
Let c(s) = 3*s**2 + 5. Let w(u) = u**3 + 6*u**2 - 5*u + 17. Let y be w(-7). Does 8 divide c(y)?
True
Let g be 6/(-15) + (-44)/(-10). Suppose -5*q - 34 = -4*z + z, -3*q - 27 = -g*z. Suppose l - z - 16 = 0. Is l a multiple of 8?
False
Suppose 0 = -2*g - 58 + 74. Let o = 59 - g. Is 22 a factor of o?
False
Let t = 46 - 137. Let i be (-4)/26 - 651/t. Suppose 9 = -f + 4*j + 32, -i = f + 2*j. Is f even?
False
Suppose -4*v - 4*m + 16 = 0, v + 4*m = -0*v - 2. Suppose v*f = 2*f + 48. Does 12 divide f?
True
Suppose 6*u - 3*b = 3*u, -3*u = 4*b - 7. Let f(i) = 134*i**3 - i**2 + i - 1. Does 24 divide f(u)?
False
Suppose -2*g + 1062 = -816. Is 3 a factor of g?
True
Let a = -260 - -388. Suppose -5*u = 4*r - a, -u + r + 16 = -3*r. Does 2 divide u?
True
Let k(m) = -2*m + 8. Let b be k(-6). Let i be b/8*(-32)/(-10). Suppose -i = 4*r - 88. Is 13 a factor of r?
False
Suppose 183 = 4*x + 3*u, 0 = 4*x + 2*u - 91 - 87. Let y = 62 - x. Is 15 a factor of y?
False
Let a(w) = 3*w - 23. Let f be a(-10). Let c be f - (5 - 3) - 1. Let t = 34 - c. Is t a multiple of 15?
True
Let v = 34 + 81. Does 5 divide v?
True
Suppose 8*t + 2097 = 6657. Is t a multiple of 15?
True
Suppose -v + 16 = 74. Let g = v - -112. Does 24 divide g?
False
Let z(g) = -3*g - 8. Let x(f) = -f**2 + 13*f - 6. Let r be x(13). Is z(r) a multiple of 5?
True
Suppose 2*f - 93 = a, 0*a - a + 229 = 5*f. Let m = -22 + f. Suppose -2*d + m = 4*k, k = 3*k + 6. Does 9 divide d?
True
Let s(u) = -4*u. Let k(r) = -23*r + 1. Let m(z) = -6*k(z) + 34*s(z). Let w be m(-3). Is 13 a factor of (w/(-8) + -1)*52?
True
Suppose -24 - 24 = -4*m. Is ((18/m)/(9/132))/2 a multiple of 11?
True
Let q(y) = 22*y + 3. Is q(6) a multiple of 28?
False
Let d be -13*(38 + 2)/(7 + -5). Let v = -162 - d. Does 14 divide v?
True
Let v(d) = d**2 + 6*d + 3. Let y be v(-3). Let r(n) = -6*n - 2. Let o be r(y). Suppose 2*w + 5 - o = -3*l, -5*l = -3*w - 4. Is 3 a factor of w?
False
Let d(m) = 3*m**3 + 2*m**2 - 1. Let h be 10/(-45) - (-33)/27. Is d(h) a multiple of 4?
True
Let b = -919 + -233. Does 13 divide (-6)/14 - b/42?
False
Let q(f) = f**2 + 7*f + 10. Let l be q(-4). Does 10 divide (-35)/l*12/7?
True
Let s = 20 - 12. Suppose s*v = 2*v + 162. Does 11 divide v?
False
Let v(o) = o**2 + 6*o + 11. Let c be v(-2). Suppose -c*b = -4*l - 71, -l + 4 = -b + 26. Is b a multiple of 5?
False
Let t(n) = -n**3 + 4*n**2 - 5*n + 2. Let l be t(3). Let b be 4 + l + -194 + -1. Is ((-4)/6)/(10/b) a multiple of 6?
False
Suppose -2*l - x - 2*x + 90 = 0, 2*l + x = 94. Is 5 a factor of l?
False
Let q(l) = l**3 + 36*l**2 + 29*l + 70. Does 35 divide q(-35)?
True
Let n = -1021 - -1592. Is 39 a factor of n?
False
Suppose 3*t = 5*n - 19, 2*t + 0*t + 4*n - 24 = 0. Suppose -t*q = -q - 70. Is 48 a factor of q?
False
Suppose -2*a - 60 = 2*a. Let b = -10 - a. Suppose -110 = -5*k + b*u, 2*k + u - 86 = -k. Is k a multiple of 26?
False
Suppose k - 81 = 31. Let y be 313/(-5) - (-12)/20. Let z = k + y. Is z a multiple of 20?
False
Let z = 380 - -196. Does 24 divide z?
True
Let t(d) be the second derivative of d**3/3 + 10*d**2 + 17*d. Does 8 divide t(-6)?
True
Suppose 6*b = 3*b + 372. Suppose -3*p + b = -164. Does 22 divide p?
False
Suppose v - 247 = 162. Let o = v - 265. Is o a multiple of 16?
True
Is (25/2)/(-10 - (-33915)/3390) a multiple of 39?
False
Let o(b) = b**3 + 10*b**2 - 7*b - 18. Suppose -117 = 9*g - 27. Is 13 a factor of o(g)?
True
Suppose 0 = d - 4*d - w + 31, -d - 5*w - 13 = 0. Let a(n) = 3*n - 11. Does 4 divide a(d)?
False
Let d = 594 + 475. Is 17 a factor of d?
False
Let y(d) = -9*d + 2. Let u be y(3). Is 8 a factor of ((-155)/u)/(3/15)?
False
Suppose -762 = -3*j - 4*u + 902, -4*u = 4*j - 2220. Does 39 divide j?
False
Suppose 0 = 4*h - 2*p - 6, h + 5*p = -4*h. Suppose -w = h - 7. Is (18 - -3)/(w/4) a multiple of 4?
False
Suppose 23 = 2*b - 171. Let u = -46 + b. Does 9 divide u?
False
Suppose -2*u - 164 = -2*j, 5*j + 2*u - 137 = 259. Does 20 divide j?
True
Let n(s) = -11*s**2. Let x(z) = -23*z**2 + 1 + z**2 - 10*z**2. Let w(y) = 11*n(y) - 4*x(y). Does 9 divide w(-3)?
False
Let m = -614 - -885. Does 24 divide m?
False
Suppose 14*z = 21*z - 5292. Is z a multiple of 9?
True
Let f be (6/(-15))/((-3)/(-15)). Let g be -21*3/(-6)*f. Does 4 divide (28/g)/(2/(-18))?
True
Let r(q) = 3*q**3 + 40*q**2 - 36*q - 7. Does 121 divide r(-13)?
False
Suppose 7*u = 4*u - 5*i + 191, -2*u + 164 = -4*i. Suppose -26 + 8 = -3*j. Suppose j*p - 3*p = u. Does 7 divide p?
False
Let z = 113 - 113. Suppose -2*d + 4*m + 660 = 0, z = 3*d - 0*m + 3*m - 945. Is 32 a factor of d?
True
Let g(x) = 4*x. Let o(n) = 2*n + 13. Let r be o(9). Let v = -27 + r. Is 5 a factor of g(v)?
False
Let a(c) = 2*c**2 + 9*c - 10. Does 18 divide a(-16)?
False
Let p(i) = i**3 + 4*i**2 - 4*i. Suppose -9*s + 11*s = 44. Let h be (-1)/(s/(-8) - -3). Does 5 divide p(h)?
False
Let l = -411 - -747. Is 4 a factor of l?
True
Suppose 2*l - 3*v - 410 - 497 = 0, 0 = 2*l - v - 913. Is 64 a factor of l?
False
Let v(h) = -h**3 + 2*h + 67. Let i be v(0). Let y = -53 + i. Does 10 divide y?
False
Let w(m) = -10*m**3 + 3*m + 2. Let q be w(-1). Let g = 24 - q. Does 2 divide g?
False
Let m = 402 - -1894. Does 82 divide m?
True
Suppose -2*m + 6 = -2. Suppose -m*n + 3*n + 80 = 0. Is 16 a factor of n?
True
Suppose 3*j - 25 = 4*i, j - 39 = -2*j - 3*i. Is 36 a factor of (1 + -3)/(j/(-792))?
True
Suppose -49 = -5*w + 11. Suppose -5*p - w = -2. Is 6 + p - (-1 - 40) a multiple of 15?
True
Suppose j - 12*s - 1415 = -9*s, 0 = 3*j - 4*s - 4220. Does 56 divide j?
True
Let c(g) = 19 - 3*g**2 + g**3 - 2*g - 6 - 12. Let a be c(5). Suppose 3*o - 4 = a. Is 9 a factor of o?
False
Let l = -160 + 42. Is l/(-3) - (-3)/(-9) a multiple of 24?
False
Suppose -16*v + 13*v = 0. Suppose -4*q - 112 = -2*z, v = 3*z + q + 2*q - 186. Is z a multiple of 30?
True
Suppose 3*a - 7*a + 3*d = -131, d - 111 = -4*a. Suppose -m + 5 = 2. Let z = a - m. Is z a multiple of 16?
False
Let z(b) = b**3 + 5*b**2. Let t be z(-5). Let m(k) = k**3 + k**2 - k + 198. Let x be m(t). Is 18 a factor of (-6)/(-2)*x/11?
True
Let t be (4 - 3 - 4) + -13. Let z = 33 + t. Suppose 5*h - 3*u = 140, 5*h - 137 = -u - z. Is h a multiple of 6?
False
Let s(v) = 9*v**2 + v - 18. Is s(-6) a multiple of 51?
False
Let b(u) = 71*u - 11. Let t be b(5). Suppose j + 565 = 5*o + 6*j, -3*o - 4*j + t = 0. Is 18 a factor of o?
True
Suppose 5*o - 3*d = 3*o - 120, -4*o + d - 230 = 0. Let q = o - -174. Is q a multiple of 23?
False
Suppose 65 = l + 17. Suppose 5*h + s = 67, -3*h + 2*s = h - l. Suppose -5*k = 0, 6*x = 5*x + 2*k + h. Is x a multiple of 4?
False
Let h(x) be the first derivative of 10*x**2 + 6*x - 16. Is h(3) a multiple of 33?
True
Suppose 4*a = -49*m + 47*m + 1570, 4*m = -3*a + 3125. Is 41 a factor of m?
True
Suppose 4*s + 2540 = 8*s - 4*d, -4*d = -s + 629. Is 24 a factor of s?
False
Let q(g) = 7*g**2 + 28*g - 3. Suppose -7*i - 17 - 32 = 0. Does 8 divide q(i)?
True
Suppose 12*i = -4*t + 7*i + 86, 5*t = 5*i + 85. Does 8 divide t?
False
Let d(a) be the first derivative of 7*a**3/3 + a**2 - 7*a + 17. Is 9 a factor of d(-4)?
False
Let o(v) = -7*v + 9. Suppose 3*u + 13 = -11. Does 13 divide o(u)?